 3*c. Let n = -57 + c. List the prime factors of n.
59
Suppose -4*g + 2633 = 4*r + 353, -562 = -r + 3*g. List the prime factors of r.
2, 71
Let z be 1 - (3 - (-8)/(-2)). Suppose -b + 23 = z*w - 48, 2*w - 308 = -4*b. Suppose t - b = -26. List the prime factors of t.
53
Let w = -21 - -19. What are the prime factors of 243 + w - (4 + 0)?
3, 79
Suppose 12*x + 12 = 13*x. Suppose -2*v + x = -0*v. What are the prime factors of v?
2, 3
Suppose -k + 3*c = 4*k - 25, k + 2*c = -8. Suppose 0 = -k*z + 196 + 186. List the prime factors of z.
191
Suppose 0*j - 2*j = -3*m - 8, -m = -2*j + 8. Suppose 0 = -s - 4, -r + 68 = -0*r - j*s. What are the prime factors of r?
2, 13
Let w(z) = -8*z + 17*z**2 + 29 - 12*z**3 + 14*z**3 - 7. What are the prime factors of w(-9)?
13
Suppose -2*k + 3*j = -0*k - 19, -11 = 2*k + 3*j. Suppose k*w + 3 = 2*h - w, w = -2*h + 7. Suppose -21 + 60 = h*b. What are the prime factors of b?
13
Let j(q) = 4*q**3 + 12*q**2 - 5*q - 6. List the prime factors of j(5).
769
Suppose -5*n = 3*o - 6, 2*o = n - 2*o - 15. Suppose -n*g = 2 + 4. List the prime factors of 31/(g/6*-3).
31
Let r(k) = 45*k - 186. List the prime factors of r(37).
3, 17, 29
Let k(n) = -4*n**3 + 8 - 25*n**2 + 19*n**2 + n + 2*n**3 + n**3. Let m be k(-6). List the prime factors of (1 - 3/m)*-4.
2
Let w(q) = q**2 - 3*q - 12. Suppose 5*l = -5*m + 20, 18 = -3*m + 5*l - 2*l. Let t be 12*m*2/4. List the prime factors of w(t).
2, 3, 7
Suppose 27 = 5*f + 2*h, h = 2*h - 1. Suppose -f*z + 204 = -81. Suppose 0 = -2*a - 5*r + 57, -3*a + 2*r + z = -0*a. List the prime factors of a.
3, 7
Let w(d) = 21 + 7 - 22*d + 8*d. List the prime factors of w(-7).
2, 3, 7
Suppose 0 = 2*f - 9 + 1. Suppose 2*z - f = -2*z. List the prime factors of z/5 + 118/10.
2, 3
Let u(c) = -c**3 + 5*c**2 - 4*c. Let f be u(5). What are the prime factors of (-41)/(-2) - (-10)/f?
2, 5
Suppose 4105 + 2303 = 18*n. List the prime factors of n.
2, 89
Let f be (-3)/2*(-4)/3. Let x(k) = k**2 - 5*k + 3. Let g be x(f). Let y(v) = -8*v + 4. What are the prime factors of y(g)?
2, 7
Let j(m) be the second derivative of 19*m**4/12 - 4*m**3/3 - 11*m**2/2 + 18*m + 2. List the prime factors of j(4).
3, 29
Let i(s) = -2*s + 4. Let j be i(3). Let x be ((-24)/28)/(j/7). Suppose -5*a = 5*u - 95, 0*u + 4*u + x*a - 74 = 0. What are the prime factors of u?
17
Suppose -9003 + 36939 = 16*i. List the prime factors of i.
2, 3, 97
Let p = -6 + 8. What are the prime factors of ((-52)/8)/(p/(-4))?
13
Let b be (35/(-10) + 4)*-1186. Let v = b - -422. Let j = v + 248. List the prime factors of j.
7, 11
Let l = -32 + 40. What are the prime factors of ((-1320)/(-96))/(2/l)?
5, 11
Let k(x) = -39*x**2 + 16*x - 8. Let b(m) = -10*m**2 + 4*m - 2. Let s(g) = -9*b(g) + 2*k(g). List the prime factors of s(2).
2, 3, 7
Suppose -b - o = -130, -2*o - 2*o = -5*b + 641. Let g = -28 + b. What are the prime factors of g?
101
Let l(p) = -p**2 - 79*p - 153. List the prime factors of l(-33).
3, 5, 7, 13
Let l = 97 - -36. Suppose 3*a - 3 = 3. List the prime factors of a/5 - l/(-5).
3
Let w be 24 - (-3 - -2) - 1. Let u = w + -21. What are the prime factors of (6/u - 72)/(-2)?
5, 7
Suppose 8*b + 63 = b. List the prime factors of (3/b)/((-4)/(-648)*-3).
2, 3
Suppose -5*x - 19 = -t, 3 = -x - 0. Suppose 0 = 3*c - 9, r - 10 = 2*c - t*c. Suppose 2*i + r = -3*a - 3, -5*i + 3*a = -35. What are the prime factors of i?
2
List the prime factors of (-1686)/(-3 + 7/(-14)*-3).
2, 281
Let l = -56 + 82. Let f = l - -23. What are the prime factors of f?
7
Let k = -92 - -98. List the prime factors of (-1 + 7)*135/k.
3, 5
List the prime factors of (-1446 - (7 - 7))/(3/(-8)).
2, 241
Let p(u) = u + 2 + 30*u**2 + u + 38*u**2. List the prime factors of p(-1).
2, 17
Let h(f) = -6*f - 3. Let y be h(2). Let a = y - -33. List the prime factors of a.
2, 3
Suppose -38 = -i - 2*k, -7*i + 125 = -3*i - k. What are the prime factors of i?
2
Let s(z) = 2*z + 53. Let k be s(-24). Suppose b + 586 = 5*h, h + 3*h - 463 = -k*b. List the prime factors of h.
3, 13
Let j = -88 - -101. Suppose -18*n = -j*n - 760. List the prime factors of n.
2, 19
Suppose -c = -4*n + 11 - 3, 0 = 2*c - n + 2. Suppose -2*r - 28 = -d - 89, -2*d - 6 = c. What are the prime factors of r?
29
Let i(c) = -39*c + 164. List the prime factors of i(-9).
5, 103
What are the prime factors of (-5622)/(8/((-192)/36))?
2, 937
Let m(o) = -5*o**3 + 21*o**2 + 18*o. Let d(g) = -11*g**3 + 43*g**2 + 37*g - 1. Let x(r) = -6*d(r) + 13*m(r). List the prime factors of x(-12).
2, 3, 7
Let u = 10 + -7. Suppose 55 + 59 = u*g. Suppose o + 3 = -2*b + 4*o, -3*b + g = 4*o. List the prime factors of b.
2, 3
Suppose 0 = v + 4 - 2. Let l be (-1 - v)*(-5 - -5). Suppose -4*c + 79 = 3*w, 0 = 3*w - l*c - 4*c - 95. What are the prime factors of w?
29
Suppose 0*o + 2*o + 2*g + 434 = 0, g = o + 219. List the prime factors of 4/((-8)/o) + -2.
107
Suppose 4*m + 300 = -120. List the prime factors of m/6*230/(-25).
7, 23
What are the prime factors of 4690/(-21)*48/(-10)?
2, 67
Let u = -3070 + 4495. What are the prime factors of u?
3, 5, 19
Suppose 0 = 2*g - c - 194, 4*g + c = 5*g - 98. Suppose -466 = -5*j - g. What are the prime factors of j?
2, 37
Let q(p) = 71*p**3 - p. Let z be q(1). Suppose -60 = 17*r - 21*r. List the prime factors of ((-18)/r)/((-3)/z).
2, 7
List the prime factors of 3150/(-420)*4220/(-6)*1.
5, 211
Let v = 5572 + -757. List the prime factors of v.
3, 5, 107
Let y = -431 + 608. Suppose -y = -4*m + 623. What are the prime factors of m?
2, 5
Suppose 27*k = 29*k - 572. Let n = -149 + k. What are the prime factors of n?
137
List the prime factors of (0 + 7 - 1) + 148.
2, 7, 11
Suppose 67 = -5*j - 28. Let z = 22 + j. Suppose 2*p + 3*a = -3*p + 13, -p + 5*a = z. List the prime factors of p.
2
Let l be (-2)/((-4)/6*(-15)/20). Let g(o) = o**2 - 8*o - 11. What are the prime factors of g(l)?
37
List the prime factors of 5 + 487*(-6)/(0 + -6).
2, 3, 41
Let b(w) = 18*w**2 + 5*w - 5. List the prime factors of b(-3).
2, 71
Suppose 12 = -q + 25. Suppose 7*n - 52 = 3*n. Let c = q + n. What are the prime factors of c?
2, 13
Let d be (-2)/(1 - (-6)/(-4)). Let i be (d + -7)*2/(-3). Suppose 0 = -y - i*y + 132. List the prime factors of y.
2, 11
Suppose 2*g + 2*g = 2*l + 2500, 4*g = -3*l + 2510. List the prime factors of g.
2, 313
Suppose 5*v = -2*r + 102, 0 = 5*r + 2*v + 3*v - 270. Suppose n = -3*m + m + 59, -2*m - 2*n + r = 0. List the prime factors of m/2 + 9/(-6).
2, 7
Suppose 0 = -81*z + 78*z + 5388. List the prime factors of z.
2, 449
Suppose 7 - 22 = -5*n. List the prime factors of 23 - (-3 + n + -1).
2, 3
Let n(s) = 7*s**2 - 10*s + 127. Let g(y) = 3*y**2 - 5*y + 63. Let w(i) = 9*g(i) - 4*n(i). List the prime factors of w(0).
59
Let i be (-4)/(-18) - (-42)/(-189). Suppose -4*m + 2*w = -586, 5*w + i*w + 589 = 4*m. What are the prime factors of m?
2, 73
Let f be 1134/(-12) + 2/4. List the prime factors of 4/16*f*-2.
47
Let k(x) = -x**3 + 28*x**2 + 26*x - 24. List the prime factors of k(28).
2, 11
Let g(m) = -699*m**3 - 6*m**2 - 22*m - 18. List the prime factors of g(-2).
2, 2797
Suppose 0 = -2*a - 0*a. Let b be ((-4)/2)/(6/(-6)). Suppose a = -b*w + 4*u + 25 + 23, 0 = 3*w + 4*u - 22. What are the prime factors of w?
2, 7
What are the prime factors of 1730 - -4 - 16/(-2)?
2, 13, 67
Suppose z = 5*z + 4*p - 2156, -3*z + 1585 = -5*p. What are the prime factors of z?
5, 107
Suppose 3*j - 13 = 2*j. Suppose 4*n = -0*g + 3*g - j, n = -g + 2. Suppose 0 = y - 11 - g. What are the prime factors of y?
2, 7
Suppose -4 + 1 = -3*y. Let u(c) = 3*c**3 - 8*c**3 - 2*c**2 + 4*c**3 + c + y. List the prime factors of u(-4).
29
Let f be 1*(2 - (0 + 0)). Suppose i + 117 = f*i. Let q = 177 - i. What are the prime factors of q?
2, 3, 5
Let b = 368 + -198. Let t = 341 - b. List the prime factors of t.
3, 19
Suppose 2*n = -2*o - o + 3, -17 = -5*n + 2*o. Suppose 9*w - n*w = 60. What are the prime factors of w?
2, 5
Suppose 3*i - 1740 = -3*f, 3*i + 4*f - 1738 = -0*f. Let j = -253 + i. What are the prime factors of j?
7, 47
Let i(o) = -191*o - 943. List the prime factors of i(-19).
2, 17, 79
Let o = 8 + -1. Suppose -7*t - o = -231. List the prime factors of t.
2
Suppose l = -4*f + 24, -7*l + 4*l = -4*f - 88. Suppose 30*q - l*q = 60. What are the prime factors of q?
2, 3, 5
Suppose 0*a + 9 = 9*a. What are